{"id":21344,"date":"2023-05-10T17:42:09","date_gmt":"2023-05-10T16:42:09","guid":{"rendered":"https:\/\/www.planetatangerina.com\/?post_type=product&#038;p=21344"},"modified":"2025-07-10T16:28:05","modified_gmt":"2025-07-10T15:28:05","slug":"poster-mar-negro-praia","status":"publish","type":"product","link":"https:\/\/www.planetatangerina.com\/pt-pt\/loja\/poster-mar-negro-praia\/","title":{"rendered":"Poster &#8220;Mar negro&#8221; \u2014 Praia"},"content":{"rendered":"<p>Ilustra\u00e7\u00e3o do livro <a href=\"https:\/\/www.planetatangerina.com\/pt-pt\/loja\/mar-negro\/\">Mar negro<\/a>.<\/p>\n<p>Impress\u00e3o com cores diretas.<br \/>\n460 x 696 mm<br \/>\nImpresso em papel Munken Print 90gr.<\/p>\n<p>Envio do poster: dobrado em tr\u00eas.<\/p>\n","protected":false},"excerpt":{"rendered":"<p>Ilustra\u00e7\u00e3o do livro Mar negro. Impress\u00e3o com cores diretas. 460 x 696 mm Impresso em papel Munken Print 90gr. Envio do poster: dobrado em tr\u00eas.<\/p>\n","protected":false},"featured_media":21345,"template":"","meta":{"_acf_changed":false},"product_brand":[],"product_cat":[81,82],"product_tag":[],"class_list":{"0":"post-21344","1":"product","2":"type-product","3":"status-publish","4":"has-post-thumbnail","6":"product_cat-e-nao-so","7":"product_cat-ilustracoes","9":"first","10":"instock","11":"taxable","12":"shipping-taxable","13":"purchasable","14":"product-type-simple"},"acf":[],"yoast_head":"<!-- This site is optimized with the Yoast SEO plugin v27.2 - https:\/\/yoast.com\/product\/yoast-seo-wordpress\/ -->\n<title>Poster &quot;Mar negro&quot; \u2014 Praia - E n\u00e3o s\u00f3, Ilustra\u00e7\u00f5es - Loja online do Planeta Tangerina<\/title>\n<meta name=\"description\" content=\"Comprar Poster &quot;Mar negro&quot; \u2014 Praia com 10% de desconto do editor. Ilustra\u00e7\u00e3o do livro Mar negro.  Impress\u00e3o com cores diretas. 460 x 696 mm Impresso em papel Munken Print 90gr.  Envio do poster: dobrado em tr\u00eas.\" \/>\n<meta name=\"robots\" content=\"index, follow, max-snippet:-1, max-image-preview:large, max-video-preview:-1\" \/>\n<link rel=\"canonical\" href=\"https:\/\/www.planetatangerina.com\/pt-pt\/loja\/poster-mar-negro-praia\/\" \/>\n<meta name=\"twitter:label1\" content=\"Tempo estimado de leitura\" \/>\n\t<meta name=\"twitter:data1\" content=\"1 minuto\" \/>\n<script type=\"application\/ld+json\" class=\"yoast-schema-graph\">{\"@context\":\"https:\/\/schema.org\",\"@graph\":[{\"@type\":\"WebPage\",\"@id\":\"https:\/\/www.planetatangerina.com\/pt-pt\/loja\/poster-mar-negro-praia\/\",\"url\":\"https:\/\/www.planetatangerina.com\/pt-pt\/loja\/poster-mar-negro-praia\/\",\"name\":\"Poster \\\"Mar negro\\\" \u2014 Praia - E n\u00e3o s\u00f3, Ilustra\u00e7\u00f5es - Loja online do Planeta Tangerina\",\"isPartOf\":{\"@id\":\"https:\/\/www.planetatangerina.com\/pt-pt\/#website\"},\"primaryImageOfPage\":{\"@id\":\"https:\/\/www.planetatangerina.com\/pt-pt\/loja\/poster-mar-negro-praia\/#primaryimage\"},\"image\":{\"@id\":\"https:\/\/www.planetatangerina.com\/pt-pt\/loja\/poster-mar-negro-praia\/#primaryimage\"},\"thumbnailUrl\":\"https:\/\/www.planetatangerina.com\/wp-content\/uploads\/2023\/05\/sitecartaz_marnegro2.jpg\",\"datePublished\":\"2023-05-10T16:42:09+00:00\",\"dateModified\":\"2025-07-10T15:28:05+00:00\",\"description\":\"Comprar Poster \\\"Mar negro\\\" \u2014 Praia com 10% de desconto do editor. Ilustra\u00e7\u00e3o do livro Mar negro. Impress\u00e3o com cores diretas. 460 x 696 mm Impresso em papel Munken Print 90gr. Envio do poster: dobrado em tr\u00eas.\",\"breadcrumb\":{\"@id\":\"https:\/\/www.planetatangerina.com\/pt-pt\/loja\/poster-mar-negro-praia\/#breadcrumb\"},\"inLanguage\":\"pt-PT\",\"potentialAction\":[{\"@type\":\"ReadAction\",\"target\":[\"https:\/\/www.planetatangerina.com\/pt-pt\/loja\/poster-mar-negro-praia\/\"]}]},{\"@type\":\"ImageObject\",\"inLanguage\":\"pt-PT\",\"@id\":\"https:\/\/www.planetatangerina.com\/pt-pt\/loja\/poster-mar-negro-praia\/#primaryimage\",\"url\":\"https:\/\/www.planetatangerina.com\/wp-content\/uploads\/2023\/05\/sitecartaz_marnegro2.jpg\",\"contentUrl\":\"https:\/\/www.planetatangerina.com\/wp-content\/uploads\/2023\/05\/sitecartaz_marnegro2.jpg\",\"width\":1290,\"height\":1600,\"caption\":\"Poster Mar negro Bernardo P. Carvalho\"},{\"@type\":\"BreadcrumbList\",\"@id\":\"https:\/\/www.planetatangerina.com\/pt-pt\/loja\/poster-mar-negro-praia\/#breadcrumb\",\"itemListElement\":[{\"@type\":\"ListItem\",\"position\":1,\"name\":\"In\u00edcio\",\"item\":\"https:\/\/www.planetatangerina.com\/pt-pt\/\"},{\"@type\":\"ListItem\",\"position\":2,\"name\":\"Loja\",\"item\":\"https:\/\/www.planetatangerina.com\/pt-pt\/loja\/\"},{\"@type\":\"ListItem\",\"position\":3,\"name\":\"Poster &#8220;Mar negro&#8221; \u2014 Praia\"}]},{\"@type\":\"WebSite\",\"@id\":\"https:\/\/www.planetatangerina.com\/pt-pt\/#website\",\"url\":\"https:\/\/www.planetatangerina.com\/pt-pt\/\",\"name\":\"Planeta Tangerina\",\"description\":\"Editora independente de livros infantis e juvenis. Fic\u00e7\u00e3o, livros informativos e novelas gr\u00e1ficas no Plano Nacional de Leitura \u2014 PNL.\",\"publisher\":{\"@id\":\"https:\/\/www.planetatangerina.com\/pt-pt\/#organization\"},\"potentialAction\":[{\"@type\":\"SearchAction\",\"target\":{\"@type\":\"EntryPoint\",\"urlTemplate\":\"https:\/\/www.planetatangerina.com\/pt-pt\/?s={search_term_string}\"},\"query-input\":{\"@type\":\"PropertyValueSpecification\",\"valueRequired\":true,\"valueName\":\"search_term_string\"}}],\"inLanguage\":\"pt-PT\"},{\"@type\":\"Organization\",\"@id\":\"https:\/\/www.planetatangerina.com\/pt-pt\/#organization\",\"name\":\"Planeta Tangerina\",\"url\":\"https:\/\/www.planetatangerina.com\/pt-pt\/\",\"logo\":{\"@type\":\"ImageObject\",\"inLanguage\":\"pt-PT\",\"@id\":\"https:\/\/www.planetatangerina.com\/pt-pt\/#\/schema\/logo\/image\/\",\"url\":\"https:\/\/www.planetatangerina.com\/wp-content\/uploads\/2020\/02\/logo.png\",\"contentUrl\":\"https:\/\/www.planetatangerina.com\/wp-content\/uploads\/2020\/02\/logo.png\",\"width\":275,\"height\":15,\"caption\":\"Planeta Tangerina\"},\"image\":{\"@id\":\"https:\/\/www.planetatangerina.com\/pt-pt\/#\/schema\/logo\/image\/\"},\"sameAs\":[\"https:\/\/www.facebook.com\/planetatangerina\/\",\"https:\/\/www.instagram.com\/planetatangerina\/\"]}]}<\/script>\n<!-- \/ Yoast SEO plugin. -->","yoast_head_json":{"title":"Poster \"Mar negro\" \u2014 Praia - E n\u00e3o s\u00f3, Ilustra\u00e7\u00f5es - Loja online do Planeta Tangerina","description":"Comprar Poster \"Mar negro\" \u2014 Praia com 10% de desconto do editor. Ilustra\u00e7\u00e3o do livro Mar negro.  Impress\u00e3o com cores diretas. 460 x 696 mm Impresso em papel Munken Print 90gr.  Envio do poster: dobrado em tr\u00eas.","robots":{"index":"index","follow":"follow","max-snippet":"max-snippet:-1","max-image-preview":"max-image-preview:large","max-video-preview":"max-video-preview:-1"},"canonical":"https:\/\/www.planetatangerina.com\/pt-pt\/loja\/poster-mar-negro-praia\/","twitter_misc":{"Tempo estimado de leitura":"1 minuto"},"schema":{"@context":"https:\/\/schema.org","@graph":[{"@type":"WebPage","@id":"https:\/\/www.planetatangerina.com\/pt-pt\/loja\/poster-mar-negro-praia\/","url":"https:\/\/www.planetatangerina.com\/pt-pt\/loja\/poster-mar-negro-praia\/","name":"Poster \"Mar negro\" \u2014 Praia - E n\u00e3o s\u00f3, Ilustra\u00e7\u00f5es - Loja online do Planeta Tangerina","isPartOf":{"@id":"https:\/\/www.planetatangerina.com\/pt-pt\/#website"},"primaryImageOfPage":{"@id":"https:\/\/www.planetatangerina.com\/pt-pt\/loja\/poster-mar-negro-praia\/#primaryimage"},"image":{"@id":"https:\/\/www.planetatangerina.com\/pt-pt\/loja\/poster-mar-negro-praia\/#primaryimage"},"thumbnailUrl":"https:\/\/www.planetatangerina.com\/wp-content\/uploads\/2023\/05\/sitecartaz_marnegro2.jpg","datePublished":"2023-05-10T16:42:09+00:00","dateModified":"2025-07-10T15:28:05+00:00","description":"Comprar Poster \"Mar negro\" \u2014 Praia com 10% de desconto do editor. Ilustra\u00e7\u00e3o do livro Mar negro. Impress\u00e3o com cores diretas. 460 x 696 mm Impresso em papel Munken Print 90gr. Envio do poster: dobrado em tr\u00eas.","breadcrumb":{"@id":"https:\/\/www.planetatangerina.com\/pt-pt\/loja\/poster-mar-negro-praia\/#breadcrumb"},"inLanguage":"pt-PT","potentialAction":[{"@type":"ReadAction","target":["https:\/\/www.planetatangerina.com\/pt-pt\/loja\/poster-mar-negro-praia\/"]}]},{"@type":"ImageObject","inLanguage":"pt-PT","@id":"https:\/\/www.planetatangerina.com\/pt-pt\/loja\/poster-mar-negro-praia\/#primaryimage","url":"https:\/\/www.planetatangerina.com\/wp-content\/uploads\/2023\/05\/sitecartaz_marnegro2.jpg","contentUrl":"https:\/\/www.planetatangerina.com\/wp-content\/uploads\/2023\/05\/sitecartaz_marnegro2.jpg","width":1290,"height":1600,"caption":"Poster Mar negro Bernardo P. Carvalho"},{"@type":"BreadcrumbList","@id":"https:\/\/www.planetatangerina.com\/pt-pt\/loja\/poster-mar-negro-praia\/#breadcrumb","itemListElement":[{"@type":"ListItem","position":1,"name":"In\u00edcio","item":"https:\/\/www.planetatangerina.com\/pt-pt\/"},{"@type":"ListItem","position":2,"name":"Loja","item":"https:\/\/www.planetatangerina.com\/pt-pt\/loja\/"},{"@type":"ListItem","position":3,"name":"Poster &#8220;Mar negro&#8221; \u2014 Praia"}]},{"@type":"WebSite","@id":"https:\/\/www.planetatangerina.com\/pt-pt\/#website","url":"https:\/\/www.planetatangerina.com\/pt-pt\/","name":"Planeta Tangerina","description":"Editora independente de livros infantis e juvenis. Fic\u00e7\u00e3o, livros informativos e novelas gr\u00e1ficas no Plano Nacional de Leitura \u2014 PNL.","publisher":{"@id":"https:\/\/www.planetatangerina.com\/pt-pt\/#organization"},"potentialAction":[{"@type":"SearchAction","target":{"@type":"EntryPoint","urlTemplate":"https:\/\/www.planetatangerina.com\/pt-pt\/?s={search_term_string}"},"query-input":{"@type":"PropertyValueSpecification","valueRequired":true,"valueName":"search_term_string"}}],"inLanguage":"pt-PT"},{"@type":"Organization","@id":"https:\/\/www.planetatangerina.com\/pt-pt\/#organization","name":"Planeta Tangerina","url":"https:\/\/www.planetatangerina.com\/pt-pt\/","logo":{"@type":"ImageObject","inLanguage":"pt-PT","@id":"https:\/\/www.planetatangerina.com\/pt-pt\/#\/schema\/logo\/image\/","url":"https:\/\/www.planetatangerina.com\/wp-content\/uploads\/2020\/02\/logo.png","contentUrl":"https:\/\/www.planetatangerina.com\/wp-content\/uploads\/2020\/02\/logo.png","width":275,"height":15,"caption":"Planeta Tangerina"},"image":{"@id":"https:\/\/www.planetatangerina.com\/pt-pt\/#\/schema\/logo\/image\/"},"sameAs":["https:\/\/www.facebook.com\/planetatangerina\/","https:\/\/www.instagram.com\/planetatangerina\/"]}]}},"_links":{"self":[{"href":"https:\/\/www.planetatangerina.com\/pt-pt\/wp-json\/wp\/v2\/product\/21344","targetHints":{"allow":["GET"]}}],"collection":[{"href":"https:\/\/www.planetatangerina.com\/pt-pt\/wp-json\/wp\/v2\/product"}],"about":[{"href":"https:\/\/www.planetatangerina.com\/pt-pt\/wp-json\/wp\/v2\/types\/product"}],"wp:featuredmedia":[{"embeddable":true,"href":"https:\/\/www.planetatangerina.com\/pt-pt\/wp-json\/wp\/v2\/media\/21345"}],"wp:attachment":[{"href":"https:\/\/www.planetatangerina.com\/pt-pt\/wp-json\/wp\/v2\/media?parent=21344"}],"wp:term":[{"taxonomy":"product_brand","embeddable":true,"href":"https:\/\/www.planetatangerina.com\/pt-pt\/wp-json\/wp\/v2\/product_brand?post=21344"},{"taxonomy":"product_cat","embeddable":true,"href":"https:\/\/www.planetatangerina.com\/pt-pt\/wp-json\/wp\/v2\/product_cat?post=21344"},{"taxonomy":"product_tag","embeddable":true,"href":"https:\/\/www.planetatangerina.com\/pt-pt\/wp-json\/wp\/v2\/product_tag?post=21344"}],"curies":[{"name":"wp","href":"https:\/\/api.w.org\/{rel}","templated":true}]}}

<p>Ilustração do livro <a href="https://www.planetatangerina.com/pt-pt/loja/mar-negro/">Mar negro</a>.</p>
<p>Impressão com cores diretas.<br />
460 x 696 mm<br />
Impresso em papel Munken Print 90gr.</p>
<p>Envio do poster: dobrado em três.</p>

<p>Ilustração do livro Mar negro. Impressão com cores diretas. 460 x 696 mm Impresso em papel Munken Print 90gr. Envio do poster: dobrado em três.</p>

<!-- This site is optimized with the Yoast SEO plugin v27.2 - https://yoast.com/product/yoast-seo-wordpress/ -->
<title>Poster &quot;Mar negro&quot; — Praia - E não só, Ilustrações - Loja online do Planeta Tangerina</title>
<meta name="description" content="Comprar Poster &quot;Mar negro&quot; — Praia com 10% de desconto do editor. Ilustração do livro Mar negro.  Impressão com cores diretas. 460 x 696 mm Impresso em papel Munken Print 90gr.  Envio do poster: dobrado em três." />
<meta name="robots" content="index, follow, max-snippet:-1, max-image-preview:large, max-video-preview:-1" />
<link rel="canonical" href="https://www.planetatangerina.com/pt-pt/loja/poster-mar-negro-praia/" />
<meta name="twitter:label1" content="Tempo estimado de leitura" />
	<meta name="twitter:data1" content="1 minuto" />
<script type="application/ld+json" class="yoast-schema-graph">{"@context":"https://schema.org","@graph":[{"@type":"WebPage","@id":"https://www.planetatangerina.com/pt-pt/loja/poster-mar-negro-praia/","url":"https://www.planetatangerina.com/pt-pt/loja/poster-mar-negro-praia/","name":"Poster \"Mar negro\" — Praia - E não só, Ilustrações - Loja online do Planeta Tangerina","isPartOf":{"@id":"https://www.planetatangerina.com/pt-pt/#website"},"primaryImageOfPage":{"@id":"https://www.planetatangerina.com/pt-pt/loja/poster-mar-negro-praia/#primaryimage"},"image":{"@id":"https://www.planetatangerina.com/pt-pt/loja/poster-mar-negro-praia/#primaryimage"},"thumbnailUrl":"https://www.planetatangerina.com/wp-content/uploads/2023/05/sitecartaz_marnegro2.jpg","datePublished":"2023-05-10T16:42:09+00:00","dateModified":"2025-07-10T15:28:05+00:00","description":"Comprar Poster \"Mar negro\" — Praia com 10% de desconto do editor. Ilustração do livro Mar negro. Impressão com cores diretas. 460 x 696 mm Impresso em papel Munken Print 90gr. Envio do poster: dobrado em três.","breadcrumb":{"@id":"https://www.planetatangerina.com/pt-pt/loja/poster-mar-negro-praia/#breadcrumb"},"inLanguage":"pt-PT","potentialAction":[{"@type":"ReadAction","target":["https://www.planetatangerina.com/pt-pt/loja/poster-mar-negro-praia/"]}]},{"@type":"ImageObject","inLanguage":"pt-PT","@id":"https://www.planetatangerina.com/pt-pt/loja/poster-mar-negro-praia/#primaryimage","url":"https://www.planetatangerina.com/wp-content/uploads/2023/05/sitecartaz_marnegro2.jpg","contentUrl":"https://www.planetatangerina.com/wp-content/uploads/2023/05/sitecartaz_marnegro2.jpg","width":1290,"height":1600,"caption":"Poster Mar negro Bernardo P. Carvalho"},{"@type":"BreadcrumbList","@id":"https://www.planetatangerina.com/pt-pt/loja/poster-mar-negro-praia/#breadcrumb","itemListElement":[{"@type":"ListItem","position":1,"name":"Início","item":"https://www.planetatangerina.com/pt-pt/"},{"@type":"ListItem","position":2,"name":"Loja","item":"https://www.planetatangerina.com/pt-pt/loja/"},{"@type":"ListItem","position":3,"name":"Poster &#8220;Mar negro&#8221; — Praia"}]},{"@type":"WebSite","@id":"https://www.planetatangerina.com/pt-pt/#website","url":"https://www.planetatangerina.com/pt-pt/","name":"Planeta Tangerina","description":"Editora independente de livros infantis e juvenis. Ficção, livros informativos e novelas gráficas no Plano Nacional de Leitura — PNL.","publisher":{"@id":"https://www.planetatangerina.com/pt-pt/#organization"},"potentialAction":[{"@type":"SearchAction","target":{"@type":"EntryPoint","urlTemplate":"https://www.planetatangerina.com/pt-pt/?s={search_term_string}"},"query-input":{"@type":"PropertyValueSpecification","valueRequired":true,"valueName":"search_term_string"}}],"inLanguage":"pt-PT"},{"@type":"Organization","@id":"https://www.planetatangerina.com/pt-pt/#organization","name":"Planeta Tangerina","url":"https://www.planetatangerina.com/pt-pt/","logo":{"@type":"ImageObject","inLanguage":"pt-PT","@id":"https://www.planetatangerina.com/pt-pt/#/schema/logo/image/","url":"https://www.planetatangerina.com/wp-content/uploads/2020/02/logo.png","contentUrl":"https://www.planetatangerina.com/wp-content/uploads/2020/02/logo.png","width":275,"height":15,"caption":"Planeta Tangerina"},"image":{"@id":"https://www.planetatangerina.com/pt-pt/#/schema/logo/image/"},"sameAs":["https://www.facebook.com/planetatangerina/","https://www.instagram.com/planetatangerina/"]}]}</script>
<!-- / Yoast SEO plugin. -->

Poster "Mar negro" — Praia - E não só, Ilustrações - Loja online do Planeta Tangerina

Comprar Poster "Mar negro" — Praia com 10% de desconto do editor. Ilustração do livro Mar negro.  Impressão com cores diretas. 460 x 696 mm Impresso em papel Munken Print 90gr.  Envio do poster: dobrado em três.

Comprar Poster "Mar negro" — Praia com 10% de desconto do editor. Ilustração do livro Mar negro. Impressão com cores diretas. 460 x 696 mm Impresso em papel Munken Print 90gr. Envio do poster: dobrado em três.

Início

Editora independente de livros infantis e juvenis. Ficção, livros informativos e novelas gráficas no Plano Nacional de Leitura — PNL.
