{"id":163,"date":"2019-03-18T09:25:18","date_gmt":"2019-03-18T09:25:18","guid":{"rendered":"http:\/\/35.204.72.170\/?post_type=autor&#038;p=163"},"modified":"2023-03-22T15:21:24","modified_gmt":"2023-03-22T15:21:24","slug":"noemi-vola-2","status":"publish","type":"autor","link":"https:\/\/www.planetatangerina.com\/pt-pt\/sobre\/noemi-vola-2\/","title":{"rendered":"Noemi Vola"},"content":{"rendered":"\n<p>Noemi \u00e9 uma autora e ilustradora italiana que nasceu em 1993.<\/p>\n\n\n\n<p>Desde 2017 trabalha na edi\u00e7\u00e3o de livros infantis, colaborando com editoras italianas e estrangeiras. V\u00e1rios dos seus livros receberam pr\u00e9mios e honras tais como o \u201cCicla Best International Illustrated Book Award\u201d, com curadoria do China Shanghai International Children\u2019s Book Fair (2021); o pr\u00e9mio italiano \u201cNati per leggere\u201d (2019); sele\u00e7\u00e3o para o \u201cdPICTUS Outstanding Picturebooks Exhibition\u201d na Feira do Livro de Frankfurt (2018); o Pr\u00e9mio Internacional de Serpa para Album Ilustrado, com curadoria do Planeta Tangerina (2018).<\/p>\n\n\n\n<p>O podcast que produziu a partir do livro \u201cOn the unfortunate life of worms\u201d recebeu uma Men\u00e7\u00e3o Honrosa nos BRAW Ragazzi Cross Media Award 2022 e as suas ilustra\u00e7\u00f5es foram selecionadas para a Feira do Livro Infantil de Bolonha em 2019 e 2022. Actualmente vive em Bolonha.<\/p>\n","protected":false},"featured_media":826,"template":"","team-category":[51],"class_list":["post-163","autor","type-autor","status-publish","has-post-thumbnail","hentry","team-category-autor"],"acf":[],"yoast_head":"<!-- This site is optimized with the Yoast SEO plugin v27.2 - https:\/\/yoast.com\/product\/yoast-seo-wordpress\/ -->\n<title>Noemi Vola - Autora e ilustradora - Planeta Tangerina<\/title>\n<meta name=\"description\" content=\"Noemi \u00e9 uma autora e ilustradora italiana que nasceu em 1993. Desde 2017 trabalha na edi\u00e7\u00e3o de livros infantis, colaborando com editoras italianas e\" \/>\n<meta name=\"robots\" content=\"index, follow, max-snippet:-1, max-image-preview:large, max-video-preview:-1\" \/>\n<link rel=\"canonical\" href=\"https:\/\/www.planetatangerina.com\/pt-pt\/sobre\/noemi-vola-2\/\" \/>\n<meta name=\"twitter:label1\" content=\"Tempo estimado de leitura\" \/>\n\t<meta name=\"twitter:data1\" content=\"1 minuto\" \/>\n<script type=\"application\/ld+json\" class=\"yoast-schema-graph\">{\"@context\":\"https:\/\/schema.org\",\"@graph\":[{\"@type\":\"WebPage\",\"@id\":\"https:\/\/www.planetatangerina.com\/pt-pt\/sobre\/noemi-vola-2\/\",\"url\":\"https:\/\/www.planetatangerina.com\/pt-pt\/sobre\/noemi-vola-2\/\",\"name\":\"Noemi Vola - Autora e ilustradora - Planeta Tangerina\",\"isPartOf\":{\"@id\":\"https:\/\/www.planetatangerina.com\/pt-pt\/#website\"},\"primaryImageOfPage\":{\"@id\":\"https:\/\/www.planetatangerina.com\/pt-pt\/sobre\/noemi-vola-2\/#primaryimage\"},\"image\":{\"@id\":\"https:\/\/www.planetatangerina.com\/pt-pt\/sobre\/noemi-vola-2\/#primaryimage\"},\"thumbnailUrl\":\"https:\/\/www.planetatangerina.com\/wp-content\/uploads\/2019\/03\/noemi_vola.jpg\",\"datePublished\":\"2019-03-18T09:25:18+00:00\",\"dateModified\":\"2023-03-22T15:21:24+00:00\",\"description\":\"Noemi \u00e9 uma autora e ilustradora italiana que nasceu em 1993. Desde 2017 trabalha na edi\u00e7\u00e3o de livros infantis, colaborando com editoras italianas e\",\"breadcrumb\":{\"@id\":\"https:\/\/www.planetatangerina.com\/pt-pt\/sobre\/noemi-vola-2\/#breadcrumb\"},\"inLanguage\":\"pt-PT\",\"potentialAction\":[{\"@type\":\"ReadAction\",\"target\":[\"https:\/\/www.planetatangerina.com\/pt-pt\/sobre\/noemi-vola-2\/\"]}]},{\"@type\":\"ImageObject\",\"inLanguage\":\"pt-PT\",\"@id\":\"https:\/\/www.planetatangerina.com\/pt-pt\/sobre\/noemi-vola-2\/#primaryimage\",\"url\":\"https:\/\/www.planetatangerina.com\/wp-content\/uploads\/2019\/03\/noemi_vola.jpg\",\"contentUrl\":\"https:\/\/www.planetatangerina.com\/wp-content\/uploads\/2019\/03\/noemi_vola.jpg\",\"width\":960,\"height\":960},{\"@type\":\"BreadcrumbList\",\"@id\":\"https:\/\/www.planetatangerina.com\/pt-pt\/sobre\/noemi-vola-2\/#breadcrumb\",\"itemListElement\":[{\"@type\":\"ListItem\",\"position\":1,\"name\":\"In\u00edcio\",\"item\":\"https:\/\/www.planetatangerina.com\/pt-pt\/\"},{\"@type\":\"ListItem\",\"position\":2,\"name\":\"Noemi Vola\"}]},{\"@type\":\"WebSite\",\"@id\":\"https:\/\/www.planetatangerina.com\/pt-pt\/#website\",\"url\":\"https:\/\/www.planetatangerina.com\/pt-pt\/\",\"name\":\"Planeta Tangerina\",\"description\":\"Editora independente de livros infantis e juvenis. Fic\u00e7\u00e3o, livros informativos e novelas gr\u00e1ficas no Plano Nacional de Leitura \u2014 PNL.\",\"publisher\":{\"@id\":\"https:\/\/www.planetatangerina.com\/pt-pt\/#organization\"},\"potentialAction\":[{\"@type\":\"SearchAction\",\"target\":{\"@type\":\"EntryPoint\",\"urlTemplate\":\"https:\/\/www.planetatangerina.com\/pt-pt\/?s={search_term_string}\"},\"query-input\":{\"@type\":\"PropertyValueSpecification\",\"valueRequired\":true,\"valueName\":\"search_term_string\"}}],\"inLanguage\":\"pt-PT\"},{\"@type\":\"Organization\",\"@id\":\"https:\/\/www.planetatangerina.com\/pt-pt\/#organization\",\"name\":\"Planeta Tangerina\",\"url\":\"https:\/\/www.planetatangerina.com\/pt-pt\/\",\"logo\":{\"@type\":\"ImageObject\",\"inLanguage\":\"pt-PT\",\"@id\":\"https:\/\/www.planetatangerina.com\/pt-pt\/#\/schema\/logo\/image\/\",\"url\":\"https:\/\/www.planetatangerina.com\/wp-content\/uploads\/2020\/02\/logo.png\",\"contentUrl\":\"https:\/\/www.planetatangerina.com\/wp-content\/uploads\/2020\/02\/logo.png\",\"width\":275,\"height\":15,\"caption\":\"Planeta Tangerina\"},\"image\":{\"@id\":\"https:\/\/www.planetatangerina.com\/pt-pt\/#\/schema\/logo\/image\/\"},\"sameAs\":[\"https:\/\/www.facebook.com\/planetatangerina\/\",\"https:\/\/www.instagram.com\/planetatangerina\/\"]}]}<\/script>\n<!-- \/ Yoast SEO plugin. -->","yoast_head_json":{"title":"Noemi Vola - Autora e ilustradora - Planeta Tangerina","description":"Noemi \u00e9 uma autora e ilustradora italiana que nasceu em 1993. Desde 2017 trabalha na edi\u00e7\u00e3o de livros infantis, colaborando com editoras italianas e","robots":{"index":"index","follow":"follow","max-snippet":"max-snippet:-1","max-image-preview":"max-image-preview:large","max-video-preview":"max-video-preview:-1"},"canonical":"https:\/\/www.planetatangerina.com\/pt-pt\/sobre\/noemi-vola-2\/","twitter_misc":{"Tempo estimado de leitura":"1 minuto"},"schema":{"@context":"https:\/\/schema.org","@graph":[{"@type":"WebPage","@id":"https:\/\/www.planetatangerina.com\/pt-pt\/sobre\/noemi-vola-2\/","url":"https:\/\/www.planetatangerina.com\/pt-pt\/sobre\/noemi-vola-2\/","name":"Noemi Vola - Autora e ilustradora - Planeta Tangerina","isPartOf":{"@id":"https:\/\/www.planetatangerina.com\/pt-pt\/#website"},"primaryImageOfPage":{"@id":"https:\/\/www.planetatangerina.com\/pt-pt\/sobre\/noemi-vola-2\/#primaryimage"},"image":{"@id":"https:\/\/www.planetatangerina.com\/pt-pt\/sobre\/noemi-vola-2\/#primaryimage"},"thumbnailUrl":"https:\/\/www.planetatangerina.com\/wp-content\/uploads\/2019\/03\/noemi_vola.jpg","datePublished":"2019-03-18T09:25:18+00:00","dateModified":"2023-03-22T15:21:24+00:00","description":"Noemi \u00e9 uma autora e ilustradora italiana que nasceu em 1993. Desde 2017 trabalha na edi\u00e7\u00e3o de livros infantis, colaborando com editoras italianas e","breadcrumb":{"@id":"https:\/\/www.planetatangerina.com\/pt-pt\/sobre\/noemi-vola-2\/#breadcrumb"},"inLanguage":"pt-PT","potentialAction":[{"@type":"ReadAction","target":["https:\/\/www.planetatangerina.com\/pt-pt\/sobre\/noemi-vola-2\/"]}]},{"@type":"ImageObject","inLanguage":"pt-PT","@id":"https:\/\/www.planetatangerina.com\/pt-pt\/sobre\/noemi-vola-2\/#primaryimage","url":"https:\/\/www.planetatangerina.com\/wp-content\/uploads\/2019\/03\/noemi_vola.jpg","contentUrl":"https:\/\/www.planetatangerina.com\/wp-content\/uploads\/2019\/03\/noemi_vola.jpg","width":960,"height":960},{"@type":"BreadcrumbList","@id":"https:\/\/www.planetatangerina.com\/pt-pt\/sobre\/noemi-vola-2\/#breadcrumb","itemListElement":[{"@type":"ListItem","position":1,"name":"In\u00edcio","item":"https:\/\/www.planetatangerina.com\/pt-pt\/"},{"@type":"ListItem","position":2,"name":"Noemi Vola"}]},{"@type":"WebSite","@id":"https:\/\/www.planetatangerina.com\/pt-pt\/#website","url":"https:\/\/www.planetatangerina.com\/pt-pt\/","name":"Planeta Tangerina","description":"Editora independente de livros infantis e juvenis. Fic\u00e7\u00e3o, livros informativos e novelas gr\u00e1ficas no Plano Nacional de Leitura \u2014 PNL.","publisher":{"@id":"https:\/\/www.planetatangerina.com\/pt-pt\/#organization"},"potentialAction":[{"@type":"SearchAction","target":{"@type":"EntryPoint","urlTemplate":"https:\/\/www.planetatangerina.com\/pt-pt\/?s={search_term_string}"},"query-input":{"@type":"PropertyValueSpecification","valueRequired":true,"valueName":"search_term_string"}}],"inLanguage":"pt-PT"},{"@type":"Organization","@id":"https:\/\/www.planetatangerina.com\/pt-pt\/#organization","name":"Planeta Tangerina","url":"https:\/\/www.planetatangerina.com\/pt-pt\/","logo":{"@type":"ImageObject","inLanguage":"pt-PT","@id":"https:\/\/www.planetatangerina.com\/pt-pt\/#\/schema\/logo\/image\/","url":"https:\/\/www.planetatangerina.com\/wp-content\/uploads\/2020\/02\/logo.png","contentUrl":"https:\/\/www.planetatangerina.com\/wp-content\/uploads\/2020\/02\/logo.png","width":275,"height":15,"caption":"Planeta Tangerina"},"image":{"@id":"https:\/\/www.planetatangerina.com\/pt-pt\/#\/schema\/logo\/image\/"},"sameAs":["https:\/\/www.facebook.com\/planetatangerina\/","https:\/\/www.instagram.com\/planetatangerina\/"]}]}},"_links":{"self":[{"href":"https:\/\/www.planetatangerina.com\/pt-pt\/wp-json\/wp\/v2\/autor\/163","targetHints":{"allow":["GET"]}}],"collection":[{"href":"https:\/\/www.planetatangerina.com\/pt-pt\/wp-json\/wp\/v2\/autor"}],"about":[{"href":"https:\/\/www.planetatangerina.com\/pt-pt\/wp-json\/wp\/v2\/types\/autor"}],"version-history":[{"count":1,"href":"https:\/\/www.planetatangerina.com\/pt-pt\/wp-json\/wp\/v2\/autor\/163\/revisions"}],"predecessor-version":[{"id":21015,"href":"https:\/\/www.planetatangerina.com\/pt-pt\/wp-json\/wp\/v2\/autor\/163\/revisions\/21015"}],"wp:featuredmedia":[{"embeddable":true,"href":"https:\/\/www.planetatangerina.com\/pt-pt\/wp-json\/wp\/v2\/media\/826"}],"wp:attachment":[{"href":"https:\/\/www.planetatangerina.com\/pt-pt\/wp-json\/wp\/v2\/media?parent=163"}],"wp:term":[{"taxonomy":"team-category","embeddable":true,"href":"https:\/\/www.planetatangerina.com\/pt-pt\/wp-json\/wp\/v2\/team-category?post=163"}],"curies":[{"name":"wp","href":"https:\/\/api.w.org\/{rel}","templated":true}]}}

<p>Noemi é uma autora e ilustradora italiana que nasceu em 1993.</p>



<p>Desde 2017 trabalha na edição de livros infantis, colaborando com editoras italianas e estrangeiras. Vários dos seus livros receberam prémios e honras tais como o “Cicla Best International Illustrated Book Award”, com curadoria do China Shanghai International Children’s Book Fair (2021); o prémio italiano “Nati per leggere” (2019); seleção para o “dPICTUS Outstanding Picturebooks Exhibition” na Feira do Livro de Frankfurt (2018); o Prémio Internacional de Serpa para Album Ilustrado, com curadoria do Planeta Tangerina (2018).</p>



<p>O podcast que produziu a partir do livro “On the unfortunate life of worms” recebeu uma Menção Honrosa nos BRAW Ragazzi Cross Media Award 2022 e as suas ilustrações foram selecionadas para a Feira do Livro Infantil de Bolonha em 2019 e 2022. Actualmente vive em Bolonha.</p>

<!-- This site is optimized with the Yoast SEO plugin v27.2 - https://yoast.com/product/yoast-seo-wordpress/ -->
<title>Noemi Vola - Autora e ilustradora - Planeta Tangerina</title>
<meta name="description" content="Noemi é uma autora e ilustradora italiana que nasceu em 1993. Desde 2017 trabalha na edição de livros infantis, colaborando com editoras italianas e" />
<meta name="robots" content="index, follow, max-snippet:-1, max-image-preview:large, max-video-preview:-1" />
<link rel="canonical" href="https://www.planetatangerina.com/pt-pt/sobre/noemi-vola-2/" />
<meta name="twitter:label1" content="Tempo estimado de leitura" />
	<meta name="twitter:data1" content="1 minuto" />
<script type="application/ld+json" class="yoast-schema-graph">{"@context":"https://schema.org","@graph":[{"@type":"WebPage","@id":"https://www.planetatangerina.com/pt-pt/sobre/noemi-vola-2/","url":"https://www.planetatangerina.com/pt-pt/sobre/noemi-vola-2/","name":"Noemi Vola - Autora e ilustradora - Planeta Tangerina","isPartOf":{"@id":"https://www.planetatangerina.com/pt-pt/#website"},"primaryImageOfPage":{"@id":"https://www.planetatangerina.com/pt-pt/sobre/noemi-vola-2/#primaryimage"},"image":{"@id":"https://www.planetatangerina.com/pt-pt/sobre/noemi-vola-2/#primaryimage"},"thumbnailUrl":"https://www.planetatangerina.com/wp-content/uploads/2019/03/noemi_vola.jpg","datePublished":"2019-03-18T09:25:18+00:00","dateModified":"2023-03-22T15:21:24+00:00","description":"Noemi é uma autora e ilustradora italiana que nasceu em 1993. Desde 2017 trabalha na edição de livros infantis, colaborando com editoras italianas e","breadcrumb":{"@id":"https://www.planetatangerina.com/pt-pt/sobre/noemi-vola-2/#breadcrumb"},"inLanguage":"pt-PT","potentialAction":[{"@type":"ReadAction","target":["https://www.planetatangerina.com/pt-pt/sobre/noemi-vola-2/"]}]},{"@type":"ImageObject","inLanguage":"pt-PT","@id":"https://www.planetatangerina.com/pt-pt/sobre/noemi-vola-2/#primaryimage","url":"https://www.planetatangerina.com/wp-content/uploads/2019/03/noemi_vola.jpg","contentUrl":"https://www.planetatangerina.com/wp-content/uploads/2019/03/noemi_vola.jpg","width":960,"height":960},{"@type":"BreadcrumbList","@id":"https://www.planetatangerina.com/pt-pt/sobre/noemi-vola-2/#breadcrumb","itemListElement":[{"@type":"ListItem","position":1,"name":"Início","item":"https://www.planetatangerina.com/pt-pt/"},{"@type":"ListItem","position":2,"name":"Noemi Vola"}]},{"@type":"WebSite","@id":"https://www.planetatangerina.com/pt-pt/#website","url":"https://www.planetatangerina.com/pt-pt/","name":"Planeta Tangerina","description":"Editora independente de livros infantis e juvenis. Ficção, livros informativos e novelas gráficas no Plano Nacional de Leitura — PNL.","publisher":{"@id":"https://www.planetatangerina.com/pt-pt/#organization"},"potentialAction":[{"@type":"SearchAction","target":{"@type":"EntryPoint","urlTemplate":"https://www.planetatangerina.com/pt-pt/?s={search_term_string}"},"query-input":{"@type":"PropertyValueSpecification","valueRequired":true,"valueName":"search_term_string"}}],"inLanguage":"pt-PT"},{"@type":"Organization","@id":"https://www.planetatangerina.com/pt-pt/#organization","name":"Planeta Tangerina","url":"https://www.planetatangerina.com/pt-pt/","logo":{"@type":"ImageObject","inLanguage":"pt-PT","@id":"https://www.planetatangerina.com/pt-pt/#/schema/logo/image/","url":"https://www.planetatangerina.com/wp-content/uploads/2020/02/logo.png","contentUrl":"https://www.planetatangerina.com/wp-content/uploads/2020/02/logo.png","width":275,"height":15,"caption":"Planeta Tangerina"},"image":{"@id":"https://www.planetatangerina.com/pt-pt/#/schema/logo/image/"},"sameAs":["https://www.facebook.com/planetatangerina/","https://www.instagram.com/planetatangerina/"]}]}</script>
<!-- / Yoast SEO plugin. -->

Noemi é uma autora e ilustradora italiana que nasceu em 1993. Desde 2017 trabalha na edição de livros infantis, colaborando com editoras italianas e

Início

Editora independente de livros infantis e juvenis. Ficção, livros informativos e novelas gráficas no Plano Nacional de Leitura — PNL.
